. Does 33 divide ((v - -1)/(-2))/((-90)/135)?
False
Suppose 38*x - 1044347 = 72397. Is 31 a factor of x?
True
Let m(b) be the first derivative of -b**4/4 + b**3 + 11*b**2/2 - 5*b - 21. Let n be m(5). Suppose n = 6*z - 905 - 517. Does 29 divide z?
False
Suppose -28*b - 139713 + 130539 = -422622. Does 46 divide b?
True
Suppose -5*c - 303 = -848. Let o = -105 + c. Suppose -o*n = r - 85, -5*n + 4*n - 294 = -3*r. Is 16 a factor of r?
False
Suppose -8*s + 78 = 38. Let w(j) = -3*j**3 + 16*j**2 + 4*j - 7. Is w(s) a multiple of 5?
False
Let z be (18/1)/((-14)/(-1687)). Suppose 2*j - 445 = -n - 0*j, 5*n = 4*j + z. Suppose 0 = 2*w + m - n, -4*m = -5*w + 7*w - 452. Is w a multiple of 18?
True
Let h(i) = 7*i + 6*i + i**2 + 8*i - 3*i**2. Let b be h(13). Let j = b + 150. Is 7 a factor of j?
False
Let v(w) = -w**2 + w - 1. Let o(p) = -3*p**2 + 21*p - 44. Let h(t) = -o(t) + 4*v(t). Is h(-12) a multiple of 5?
True
Suppose -4*a + 2 = -3*a. Let z(j) = j**3 - 6*j**2 - 2*j - 1. Let b(d) = 4*d**3 - 17*d**2 - 6*d - 4. Let c(h) = a*b(h) - 7*z(h). Is c(-6) a multiple of 15?
False
Let x(z) = -73*z + 3803. Is x(50) a multiple of 2?
False
Is -5 + (17261 - 29 - (-24)/(-3)) a multiple of 257?
True
Suppose -2*a + 834 = -4*n, 4*a + 23*n - 28*n - 1671 = 0. Is 2 a factor of a?
False
Let f = 13016 + 30412. Is 154 a factor of f?
True
Suppose 0 = 4*z - 6*k - 17074, 0 = z + 4*z + 5*k - 21280. Suppose -4*v - z = -10853. Does 27 divide v?
False
Is 0 + -9 + -37 + 3543 a multiple of 19?
False
Let w(q) = -7*q + 72. Let o(g) = -g - 44. Let u be o(-20). Does 60 divide w(u)?
True
Let l = 46 - 48. Let r(o) = o**3 + 3*o**2 + o - 2. Let s be r(l). Suppose -b - 5*c = -18, -4*b - b - 2*c + 159 = s. Is b a multiple of 9?
False
Let p(n) = 11*n**2 + 7*n + 12. Let b(s) = -s**3 + 8*s**2 - 14*s + 8. Let j be b(6). Does 26 divide p(j)?
False
Let l(d) = -16*d - d**2 + 3 - 13 + 2*d**2. Let q be l(8). Let s = q - -92. Is s a multiple of 16?
False
Suppose 11*d + 2772 = 2*d. Is 41 a factor of -3 - ((-2)/(-11) + 253540/d)?
True
Suppose 9*v = v + 4*v. Suppose 0 = 2*k + z + 3, -k + v*z - 3*z = 9. Suppose 3*w + 67 = 2*o, k = o - 2*w - 2*w - 36. Is o a multiple of 16?
True
Let j(x) = 40*x**3 + 3*x**2 - 6*x + 3. Let p be j(3). Suppose 157*c - 161*c = -p. Is c a multiple of 21?
True
Suppose 22*b - 25 - 63 = 0. Is (-1)/b*0 + -7 + 36 a multiple of 29?
True
Let y be ((-60)/14)/(6/(-21)). Suppose 12*k - 5*m + 38 = y*k, 0 = k + 2*m - 14. Is k a multiple of 5?
False
Is 7 a factor of ((-8)/(-48))/(6/36) + 1221?
False
Suppose -19*u + 67088 + 58711 = -7505. Does 77 divide u?
False
Suppose -2*y = -4*o + y + 759, -3*o + 3*y = -567. Suppose k - 12 = o. Is k a multiple of 17?
True
Let o(w) = 12*w + 40. Let q(n) be the first derivative of -11*n**2/2 - 39*n + 18. Let l(i) = 6*o(i) + 5*q(i). Is 14 a factor of l(13)?
True
Is 7 a factor of (-29 + -24 + 14)*322/(-3)?
True
Let t(d) be the third derivative of -d**6/60 + d**5/2 + d**4/3 - 3*d**3 + 54*d**2. Is t(15) a multiple of 17?
True
Let n be (-10)/35 - 2/(-7). Suppose 0 = -n*r + r - 4. Suppose r*x - 146 = 70. Is x a multiple of 23?
False
Let t(i) = -i**3 + 4*i**2 + 11*i + 6. Let l be t(6). Suppose l = -5*h + 4*j + 404, 51 + 105 = 2*h + 4*j. Does 14 divide h?
False
Let q(l) = 2 - 2*l - 5 - 30*l**2 + 45*l**2. Let g be q(-2). Suppose 5*c - g = 149. Is c a multiple of 14?
True
Suppose -29*c = 22*c - 2652. Suppose -70*d + 504 = -c*d. Is 14 a factor of d?
True
Let f(t) = 2*t + t**3 + 492 + 2*t**2 - 2*t**3 - 489. Let w be f(3). Is 5 - w - (-512)/2 a multiple of 29?
True
Is 12/54 - (-207975)/27 a multiple of 16?
False
Suppose 3*v + 3*l = -51, -3*v - l - l - 50 = 0. Suppose w - 4*w - 5*o = 3, 0 = -5*w - 3*o - 5. Let b = w - v. Is 2 a factor of b?
False
Suppose 2*v - 87700 = 3*n, -44*v - 5*n = -41*v - 131531. Is 163 a factor of v?
True
Let w = -4922 + 8024. Is 33 a factor of w?
True
Suppose -27*y + 89468 = -17*y + 19368. Does 16 divide y?
False
Let r be 1/(-7) + (-120)/(-7). Suppose 8*w = r*w - 1800. Is w a multiple of 8?
True
Let f = 10835 - -8980. Is f a multiple of 23?
False
Suppose 0 = 474*u - 444*u - 497640. Does 13 divide u?
True
Let d = 274 + -269. Suppose -5*j = 3*k - 2*k - 170, d*j + 730 = 4*k. Does 20 divide k?
True
Let u = 12136 + 2665. Is u a multiple of 19?
True
Suppose 0 = -3*m - 0*m - 36. Is (2/8)/(m/(-21360)) a multiple of 22?
False
Let k(g) = -2*g + 36. Let c be k(12). Suppose c*j - 5*j - 1225 = 0. Is 6 a factor of j?
False
Let s be (-1)/(35/15) - (-11)/(-7). Let x(f) be the first derivative of -5*f**4/4 + f**3/3 - 4*f + 2. Does 6 divide x(s)?
False
Let p be -3 + 23/7 - (-614)/7. Suppose 2*q - b + 20 = p, q - 2*b - 28 = 0. Is 5 a factor of q?
False
Let a(n) = 74*n + 2. Let x(i) = -2*i**3 + 22*i**2 - 34*i - 13. Let w be x(9). Is 62 a factor of a(w)?
True
Let m be ((-1)/(-1))/((-3)/(-51)). Suppose 352 = m*l - 12*l - 4*v, -2*l = 3*v - 127. Is 4 a factor of l?
True
Suppose b = -5*o + 502, 4*b + 5*o - 2320 + 237 = 0. Suppose -34*j + b = -33*j. Let v = j + -255. Is v a multiple of 51?
False
Let v(d) = 13*d + 796. Is v(-30) a multiple of 14?
True
Let j be ((-8)/(-6))/((-16)/2256). Let l = j - -251. Is l a multiple of 14?
False
Let s be (-936 - -1)*(3 + (-90)/25). Suppose -c = x - s, 2*x + 3*x = 2*c + 2805. Is x a multiple of 51?
True
Let t(h) be the second derivative of h**5/20 + 11*h**4/12 + 7*h**3/6 + 9*h**2 - 10*h. Let v be t(-9). Suppose 0 = -x - 2*x + v. Is x a multiple of 13?
True
Let v(g) = 115*g - 967. Is 6 a factor of v(10)?
False
Let u = -3972 + 7092. Does 287 divide u?
False
Let i(u) = u - 3. Let f be i(8). Let k(o) be the first derivative of 2*o**3/3 + o**2/2 - 16*o - 12. Is k(f) a multiple of 13?
True
Suppose -2*a + 4*d = 3 - 21, 5*a + 25 = -4*d. Does 7 divide a/(-3) + -4 + 800/12?
True
Suppose 5*h - 1345 = -4*q + q, 0 = 5*h + 5*q - 1335. Suppose 352 = -h*a + 274*a. Suppose -9*j + a = -7*j. Is 14 a factor of j?
False
Let m = -1695 - -2698. Does 17 divide m?
True
Let a = -4489 + 6961. Is a a multiple of 3?
True
Suppose -4*l = 4*c - 40, -4*c + 37 = l + 2*l. Is (-7188)/(-28) + 2/c a multiple of 12?
False
Let j(z) = -18*z**2 + 7*z**2 + 4*z**2 - z**3 - 2*z - 22. Let q be j(-7). Let a = 91 + q. Does 23 divide a?
False
Let h = 165 - 715. Let v = -529 - h. Does 5 divide v?
False
Let c = -29357 - -30566. Does 39 divide c?
True
Let n = 79 - 71. Suppose 2*h = -4*w - 0*w - n, 1 = -3*w + h. Let r(k) = -201*k**3 - 2*k**2 - 3*k - 2. Is r(w) a multiple of 16?
False
Suppose 4677*j = 4676*j + 5673. Is 85 a factor of j?
False
Let o(i) = 94*i**2 - 68*i - 290. Is o(-5) a multiple of 48?
True
Let c(i) = 14*i**2 - 84*i - 38. Is c(14) a multiple of 21?
False
Let l = -182 + 184. Suppose 709 = 4*a - 2*a - 5*g, g - 679 = -l*a. Is a a multiple of 18?
True
Let x(l) be the second derivative of 11*l**4/12 - 11*l**3/3 + 2*l**2 + 11*l. Let g be x(9). Suppose -5*i = -468 - g. Is 14 a factor of i?
False
Let t(l) = l**2 - 257*l + 14460. Is 60 a factor of t(0)?
True
Let l(h) = -11*h**2 - 12*h + 3. Let r be l(-6). Let s be (r*1/(-9))/((-1)/(-6)). Is (-22)/33 + s/6 a multiple of 7?
True
Let v(t) be the second derivative of t**7/840 + t**6/240 + t**5/20 - 17*t**4/12 + 11*t. Let b(u) be the third derivative of v(u). Is 21 a factor of b(-4)?
True
Let q be 356*(5 - 6) + 6. Let m = -176 - q. Does 29 divide m?
True
Let j = 837 + 1115. Does 4 divide j?
True
Suppose 145*o - 2465080 = -608935. Is 17 a factor of o?
True
Suppose -7*h - 96 + 117 = 0. Suppose h*j - 565 = -4*v, -306 = -5*v + 5*j + 444. Does 15 divide v?
False
Let s be (8/20)/(3/345) + -3. Let m = -74 + s. Let l = m + 47. Does 16 divide l?
True
Let l = 54 - 58. Let n(w) = 6*w + 26. Let v be n(l). Does 6 divide 2*((-2 - v) + 16)?
True
Let x be (120/(-70))/((-4)/42). Suppose -5*j = 2*y - 7*j - 84, y - x = -5*j. Let m = y - 4. Is m a multiple of 34?
True
Let i = -1338 - -3774. Is i a multiple of 28?
True
Let v = 183 + 426. Suppose -1731 - v = -15*z. Does 31 divide z?
False
Let b(u) be the second derivative of u**4/6 - 5*u**2/2 - 20*u. Let d be b(2). Suppose 4*w - 144 = -d*v + 81, 3*w = -9. Is 25 a factor of v?
False
Is (-112)/(-6)*(-19 - 22729/(-49)) a multiple of 16?
True
Suppose -8*g + 547 = -429. Suppose v - n - g = 0, -5*v - n + 218 + 374 = 0. Suppose v = 5*p - 201. Is p a multiple of 16?
True
Suppose -13*d = -36 - 3. Suppose -d*k = w - 25, -5*w -